e the first derivative of 7*g**3 + 2*g**2 + 25*g + 146. What is the tens digit of h(6)?
0
What is the tens digit of (222935/2)/5 + (6 - (-198)/(-36))?
9
Let o(g) = -65*g - 105. Suppose 350 = -8*x + 246. What is the units digit of o(x)?
0
Let z be ((-8)/(-6))/((-32)/(-4848)). Let a = z - 419. What is the units digit of (a/28)/(2 + (-33)/16)?
4
What is the hundreds digit of 78204/(-784)*(-136)/2?
7
Suppose -45*d = -10*d - 60480. Suppose 5*m + 1019 = 3*r - 1573, 0 = -2*r - 3*m + d. What is the tens digit of r?
6
Let c(u) = 13*u**2 + 18*u + 12. Let b be 140/(-25) - 3/((-30)/(-4)). What is the units digit of c(b)?
2
Let j = -77032 + 108392. What is the hundreds digit of j?
3
Let w = -29 + 34. Let p(y) = 9*y**3 - y**2 + y - 11. Let z be p(w). What is the hundreds digit of 2/(-6) - (-2)/12*z?
1
Let d(y) = 684*y**2 - 2*y - 1. Let n be d(-1). Suppose 9*i - 1438 - 2783 = -12*i. Suppose i - n = -4*a. What is the tens digit of a?
2
Let d = 76506 - 6802. What is the ten thousands digit of d?
6
Let o = -3 - -8. Let g be 6/15 + (-287)/o. Let n = g - -151. What is the tens digit of n?
9
Let z be (6/(-9))/((-6)/1359). Let h = z - -635. What is the units digit of h?
6
Suppose 27*h - 25*h + f = 32539, 2*h - 2*f - 32524 = 0. What is the hundreds digit of h?
2
Let z(q) = q - 1. Let f(j) = -23*j + 47. Let m(i) = -f(i) + 2*z(i). Let d be m(10). Let p = d + -87. What is the units digit of p?
4
Suppose -4*i = -2*y + 2582, 8*y - 5*y = 4*i + 3869. Suppose 0 = 5*m - 603 - y. What is the hundreds digit of m?
3
Suppose 35 = 5*d + 3*o, -19*d + 40 = -14*d + 2*o. Suppose 2*j = 3*q - 144, -q + 48 = -d*j + 5*j. What is the units digit of q?
8
Suppose -65*r + 16*r = -137004. What is the tens digit of r?
9
Let l(c) = 15*c**2 - 47*c - 989. What is the thousands digit of l(-32)?
5
What is the thousands digit of (-504636)/(-13) - 4 - (-1)/((-78)/12)?
8
What is the hundreds digit of (-55 - -57)*(-26811)/(-6)?
9
Let x(z) = -8*z - 5. Let u be x(-1). Suppose y - 1138 = -u*v, -3*v + 1139 = -y + 3*y. What is the tens digit of v?
7
Suppose 0 = 8*a - 11 - 5. Suppose -u = -5*m - 82, -70 = u - 2*u + a*m. Suppose -4*d + u = -2*d. What is the units digit of d?
1
Let z = -49 + 46. Let p(y) = -y**3 - y**2 + 2*y. Let m be p(z). What is the hundreds digit of (-375)/(-4)*32/m?
2
Suppose 3*m - 4160 - 104376 = 5*f, -180821 = -5*m - 2*f. What is the thousands digit of m?
6
Let t(c) = -303*c + 73. Let w(z) = -101*z + 24. Let d(n) = 4*t(n) - 11*w(n). What is the hundreds digit of d(-8)?
8
Let l(x) be the first derivative of 2*x**3/3 + 25*x**2/2 - 9*x + 24. What is the units digit of l(-13)?
4
Suppose 0 = 4*y - 3*s + 11, -y + 5*s - 34 = -10. Let u = y - -2. What is the units digit of u*(-4 + (-53)/(-3))?
1
Let s(l) = 14*l + 3. Let o be s(2). Let z = o + 109. Suppose 0 = 24*d - 17*d - z. What is the units digit of d?
0
Suppose -90 = 3*x + 5*u - 17, -4*u = -4*x - 44. What is the tens digit of (-9621)/6*(x/6 - -2)?
6
Let x be 50/15*(10 - 4). What is the tens digit of (-105)/6*((-288)/x - 4)?
2
What is the thousands digit of 6/(-10) + (-7292304)/(-890)?
8
Suppose 16*d = 15*d + 1386. Let w = d + -253. What is the thousands digit of w?
1
Let l(n) = 92*n**2 - 6*n. Let i be l(6). Suppose i = -0*w + 13*w. What is the units digit of w?
2
Suppose 72971 + 130441 = 92*v. What is the tens digit of v?
1
Let l(u) = -11*u**3 + 422*u**2 - 27*u + 35. What is the thousands digit of l(38)?
4
Let r = 563 + -560. Let f be ((-6)/(-9))/((-2)/(-12)). Suppose f*w - r*l = 271, 3*l + 4 - 13 = 0. What is the tens digit of w?
7
Let z = -22008 + 22047. What is the tens digit of z?
3
Let o = 400 - 1292. Let z = -458 - o. What is the tens digit of z?
3
Suppose -6*n = -3*n - 12. Suppose 473*y - 460*y = 0. Suppose y = -n*a, -2*u - 7*a + 158 = -3*a. What is the units digit of u?
9
Suppose -119*q + 997 = -6500. Suppose -2*m = f + 103, -165 = -2*m + 5*m + 5*f. Let d = q + m. What is the units digit of d?
3
What is the thousands digit of 24/32*(-272088)/(-27)?
7
Let r(l) = l**3 - 8*l**2 + 48*l - 590. What is the tens digit of r(10)?
9
Suppose 5*n - 3*t = -7*t + 10228, -t + 10222 = 5*n. Suppose -99*c + 95*c = -n. What is the hundreds digit of c?
5
Let a be -7 + 2 - (1 + 30/(-3)). Suppose -3*q - 2441 = -a*u, -884 = -2*u - 3*q + 359. What is the tens digit of u?
1
Let x(p) = 57*p**3 - 13*p**2 + p + 34. What is the tens digit of x(6)?
8
Let r(u) = -3*u**3 + 4*u**2 + 6*u + 1. Let k be r(-3). Let o = k - -652. What is the tens digit of o?
5
Suppose -32*h + 12564 = -26*h. What is the hundreds digit of h?
0
Suppose -3*z = 2*q - 19382, -29073 = -3*q - 26*z + 27*z. What is the thousands digit of q?
9
Let b = -463 - -262. Let c = 881 + b. Suppose 680 = 4*t - 5*q + 9*q, 4*t - 5*q = c. What is the units digit of t?
0
Let c(w) = w**2 + 3*w + 1. Suppose 2*q + 2*q = -8, 5*x + 24 = -2*q. Let r be c(x). Let h(m) = m**3 - 4*m**2 - 3*m - 4. What is the units digit of h(r)?
6
Suppose 8*o + 11037029 = 355*o. What is the thousands digit of o?
1
Suppose -37*c + 33*c - 2392 = 0. Let z = 822 + c. What is the tens digit of z?
2
Suppose 4*p - 5*q + q = -184, 0 = p + 3*q + 46. Let g = 385 - p. What is the units digit of g?
1
What is the thousands digit of (-14)/336 + (-3260019)/(-72)?
5
Let p(g) = -g**3 + 28*g**2 - 39*g - 2. Let u(s) = -5*s**3 + 139*s**2 - 194*s - 11. Let r(j) = 11*p(j) - 2*u(j). What is the hundreds digit of r(28)?
4
Let r(o) be the second derivative of -o**3/3 + 7*o. Let x be r(-2). Suppose -285 = x*d - 9*d. What is the units digit of d?
7
Let k = 26 - 9. Suppose -k*t + 12*t + 995 = 0. Suppose -4*h - l + 141 = -2*h, 0 = 3*h - l - t. What is the units digit of h?
8
Let z(o) = -o. Let w(i) = 6*i - 139. Let s(m) = -w(m) - 4*z(m). Let j be s(0). Let y = j + -87. What is the units digit of y?
2
Let s = 8538 - -1147. What is the thousands digit of s?
9
Let h(f) = -f**3 - f**2 + 7*f. Let d be h(2). What is the tens digit of (d + 129)/(1/1)?
3
Let p(m) = -16*m - 58. Let l be p(-17). Suppose 182 = -4*q - l. Let c = 11 - q. What is the hundreds digit of c?
1
Let u = 192 - -7001. What is the hundreds digit of u?
1
Let y be 2746 + 2 - 24/(-8). Suppose 459 = 6*z - y. What is the tens digit of z?
3
Let h(m) = 44*m**2 - 6*m - 23. Let n be h(-6). Suppose -7*o - 379 = -n. What is the tens digit of o?
7
Suppose 36*z = 46*z - 6420. Suppose 26*q = 23*q + z. What is the tens digit of q?
1
Let f be (-676994)/6 - ((-192)/36)/16. What is the hundreds digit of -2*(-6)/(-8)*f/246?
6
Suppose -3217233 - 1691777 = -57*o - 1553648. What is the hundreds digit of o?
8
Let l = 3480 + -319. What is the thousands digit of l?
3
Let n = -15 - -30. Suppose 0 = h - 2*x - 115 - 39, 2*h - 310 = 5*x. Let y = h - n. What is the hundreds digit of y?
1
Let r = -1999 - -15076. What is the units digit of r?
7
Let t = 804 - -40. Let q = t + -668. What is the units digit of q?
6
Let x(b) = 4*b - 2. Let r(q) = -q - 3. Let j(n) = 5*r(n) + 4*x(n). Let l(k) = -k**3 + 3*k**2 + 7*k - 5. Let y be l(4). What is the units digit of j(y)?
4
Suppose -120*h - l - 72059 = -123*h, 5*l - 120105 = -5*h. What is the tens digit of h?
2
Let b(v) = -3*v**3 - 22*v**2 + 4*v + 3. Let u be b(-9). Suppose 0 = -t + 4*p + 198, 2*t - 6*p = -4*p + u. What is the tens digit of t?
8
Let j = 15 - 20. Let y(b) = -b**3 - 7*b**2 - 10*b + 1. Let l be y(j). What is the tens digit of (-29)/(-4)*12/l?
8
Let m(x) = -15*x + 9. Let t be m(-4). Suppose -5*i - g + 6*g - 395 = 0, t = -i - 4*g. Let r = i + 78. What is the units digit of r?
1
Let s = -35 - -282. Let k = 684 - s. What is the tens digit of k?
3
Suppose -2*n - 144 = -d - 6, -5*d - n = -712. Let j = d - 103. What is the units digit of j?
9
Let w(n) = -2*n - 18. Suppose -v = 4*f + 15, 3*v + 3 + 6 = 0. Let m be 2 - 19 - f - 2. What is the tens digit of w(m)?
1
Let s be (-29 - 481)*(-8)/5. Suppose 812 = 2*a + 2*y, -2*a + 0*y + s = 4*y. What is the tens digit of a?
0
What is the hundreds digit of (6 - -63792)/7 + 6 + 2?
1
Let h(k) = k**2 + 26*k - 63. Let m be h(-28). What is the tens digit of 9/(27/(-12)) - 6377/m?
0
Let j(a) = a + 15. Let p be j(-13). Let c be ((-502)/(-6) - -4)/(p/6). Suppose 5*v + 2*u - c = 0, -5*v + 4*u - 8*u = -261. What is the tens digit of v?
5
Let v(y) = 7*y**2 - 4*y - 8. Let g = -588 + 578. What is the units digit of v(g)?
2
Suppose 0 = 24*q - 852419 - 869639 